Let n(q) = 625*q - 7. Let i be n(7). Let s = i - 1809. Suppose 10*y = -769 + s. List the prime factors of y.
179
Suppose 0 = 19*g - 20*g + 11. Suppose -g*n + 1757 = -58. What are the prime factors of n?
3, 5, 11
Let c(n) = 17*n**2 - 4*n + 116. What are the prime factors of c(-27)?
11, 31, 37
Suppose -n = -5*n - 4*j - 8, 5*n + 2*j = 5. Suppose n*i - 3*c = -594, 3*i - c = -2*c - 594. Let z = 352 + i. List the prime factors of z.
2, 7, 11
Let z = -17268 + 20468. What are the prime factors of z?
2, 5
Let q = -532 - -532. Suppose q = -2*z - m + 1138, 3*m + 1027 + 103 = 2*z. What are the prime factors of z?
2, 71
Suppose 0 = -3*k + 4*q + 3402, -68*k - 2*q = -64*k - 4558. What are the prime factors of k?
2, 569
Suppose 264*w = -262*w + 531*w - 313265. What are the prime factors of w?
62653
Suppose 14381*c - 354085 = -5*n + 14376*c, -141679 = -2*n + 3*c. List the prime factors of n.
2, 7, 5059
Let h(v) = v**2 - 27. Let z be h(-6). Suppose -z*l - 240 = -870. What are the prime factors of l?
2, 5, 7
Suppose x = 3*p + 15613, -5*x + 42595 = -p - 35484. What are the prime factors of x?
2, 61
Let v(b) = 7*b + 12. Let k be 1/((-5 - -6) + 15/(-18)). Let x be 9/k*20/6. List the prime factors of v(x).
47
Let r = 70 - 75. Let m(j) = -j**3 + 6*j**2 + 5*j + 4. Let x be m(r). Suppose 0*l + 4*f = -2*l + x, 5*f - 384 = -3*l. List the prime factors of l.
7, 19
Let o(n) = 26*n - 20. Suppose -4*l - 3*h - 31 = 0, -3*h + 2 - 5 = -3*l. Let b be 5/(-4)*l + 0. List the prime factors of o(b).
2, 5, 11
Let g(y) = 20*y**2 + 23*y + 94. Let c(j) = -5*j**3 - 2*j**2 - 3*j + 3. Let a be c(1). What are the prime factors of g(a)?
11, 83
Let b(f) = 1280*f**2 + 37*f + 37. Let l be b(-1). Let q = -509 + l. List the prime factors of q.
3, 257
Suppose -5*u + 4*k + 3280 = 0, 6*k - 2*k = 3*u - 1976. Suppose 2*s = 2*p - 362, 4*p + s - 67 = u. Suppose p = 5*z - 2*z. What are the prime factors of z?
2, 3, 5
Let x(h) = -h**2 - 4*h + 147. Suppose 3*p - 4 = r - 0, 0 = 5*p - r - 4. What are the prime factors of x(p)?
3, 7
Let t(i) = i**2 + 13*i + 45. Let u = 14 - 21. Let x be t(u). Suppose x*o + 92 = 4*h - 4, -2*h - 4*o = -26. What are the prime factors of h?
3, 7
Let c(t) = -t**2 - 2*t + 28. Let j be c(4). Suppose -5*y + 7*b - 4*b + 714 = 0, -y + 153 = -j*b. List the prime factors of y.
3, 47
Let f(l) = l**3 + 32*l**2 - 5*l + 72. Let j be f(-29). Suppose 6*k = -448 + j. What are the prime factors of k?
2, 191
Let z(b) = 37*b - 11. Let n(m) = -110*m + 34. Let o = -40 + 34. Let y(w) = o*n(w) - 17*z(w). What are the prime factors of y(4)?
107
Let g(h) = 87*h**2 - 21*h - 30. What are the prime factors of g(-4)?
2, 3, 241
Suppose -4*w + 153796 = -4*q, -5*w + 97498 = -q - 94735. What are the prime factors of w?
2, 47, 409
Let l = 21962 - 8746. What are the prime factors of l?
2, 7, 59
Suppose 0 = 31*b - 10*b + 1197. What are the prime factors of b/(4/((-128)/24))?
2, 19
Let t = 1281 - -655. List the prime factors of t.
2, 11
Suppose 3*f - 62 = -12*p + 8*p, -2*p = 2*f - 40. Suppose 4*m - 3*d = 23, 3*d + 7 = 5*m - f. What are the prime factors of m?
2
Suppose 15 + 5 = -2*k. Let h be ((-36)/20)/(2/k). List the prime factors of ((-570)/(-9))/(-5)*h/(-6).
19
Let g = 46 + -46. Suppose g = -44*x + 47*x - 1140. Suppose 9*f - x = 4*f. List the prime factors of f.
2, 19
Let i = 351 + -349. Suppose -2*r + 8008 = 5*d, 0 = -i*d - 31*r + 32*r + 3196. List the prime factors of d.
2, 5
Let v(o) = 33*o + 11. Let y(x) = -x + 1. Let w(g) = v(g) + 4*y(g). Let h be w(-5). Let z = h + 188. List the prime factors of z.
2, 29
Suppose -11*a = -2*t + 127673, 0 = -2*t + 37*a - 33*a + 127666. What are the prime factors of t?
3, 21277
Let s(a) = -13*a**3 + 3*a**2 - 12*a + 34. Let b(f) = -24*f**3 + 6*f**2 - 24*f + 67. Let j(u) = -6*b(u) + 11*s(u). What are the prime factors of j(8)?
2, 97
Suppose 126 = -5*z - 569. Let n(s) = s**2 + 49*s + 197. Let a be n(-13). Let w = z - a. List the prime factors of w.
2, 3, 11
Let i = 11764 + -5432. List the prime factors of i.
2, 1583
Suppose -5*i = -0 + 5. Let u = 2812 + -2811. List the prime factors of (i - -2)*(u + 128).
3, 43
Let v(r) = 13*r + 45. Let z be v(12). Let j = z + 154. Let c = -239 + j. List the prime factors of c.
2, 29
Suppose 21*s - 66245 = 2*s + 157594. List the prime factors of s.
3, 7, 11, 17
Let i be -1 + 2 + (-150)/3. Let z = i + 49. Suppose z = -2*h + 39 + 99. What are the prime factors of h?
3, 23
Let k = 2881 + -1441. Suppose -k*q + 2740 = -1436*q. What are the prime factors of q?
5, 137
Suppose 180154 = 745*w - 732*w. What are the prime factors of w?
2, 13, 41
Let p(i) = -i**2 + 8*i + 22. Let n be p(5). Suppose 0 = -8*k + n*k - 27318. List the prime factors of k.
2, 3, 157
Let v = 4076 + 1313. List the prime factors of v.
17, 317
Let w = 84 + -87. Let f be -7*(-72)/3 + w. Suppose 5*n - 7*u = -2*u + f, 5*u = -10. What are the prime factors of n?
31
Suppose -2*t - 29 = -5*l, -97*t + 102*t + 4*l + 23 = 0. List the prime factors of (-2494)/t - 16/56.
2, 89
Suppose -p + 8140 = -2*i, -5*i + 40565 = -3501*p + 3506*p. List the prime factors of p.
2, 31, 131
What are the prime factors of (222 - 133)*(5 + 1)?
2, 3, 89
Suppose -5*d + 5*y + 685 = 0, -4*y - y = -5. What are the prime factors of d?
2, 3, 23
Let d = 18520 - 4273. List the prime factors of d.
3, 1583
Let c(x) = x**2 - x. Let d(v) = v**3 - 6*v**2 + 6*v + 7. Let n(m) = 5*c(m) + d(m). List the prime factors of n(3).
2, 7
Let r(a) = a**3 - 52*a**2 - a + 333. What are the prime factors of r(52)?
281
Let g(y) be the third derivative of -y**6/120 + 3*y**5/20 + 5*y**4/4 + 5*y**3/6 - 89*y**2. What are the prime factors of g(11)?
3, 31
List the prime factors of (19/2 - (-7 + 5))/(75/47250).
3, 5, 7, 23
Let u = 877 + -2264. Let i = -607 - u. What are the prime factors of i?
2, 3, 5, 13
Let m = 14401 + -10254. What are the prime factors of m?
11, 13, 29
Let z(j) = 131*j - 8. Let s be z(-1). Let m = 132 + s. What are the prime factors of (-1 - -2)*(192 + (-12 - m))?
11, 17
Suppose -40625 = -3*u + 4*z, 0 = -4*u + 3*z - 0*z + 54169. What are the prime factors of u?
29, 467
Let j(o) = -o**2 - 2*o + 77. Let u be j(0). Suppose 5*n + 0*t - 2*t - u = 0, -n + 10 = 5*t. Let r = 63 - n. List the prime factors of r.
2, 3
Let d(v) = v + 12. Let q be d(-8). Let o(g) = 36 + 41 - g**3 - 2*g + q*g - 22. What are the prime factors of o(0)?
5, 11
Let p = 5638 + -2960. Suppose -13*h + p = -0*h. List the prime factors of h.
2, 103
Suppose -5*o = -8*o. Suppose 4*l + 16 = o, 0*j + 2*j = -5*l - 16. Suppose -p = 2*t - 22, 3*p = -t + j*p + 11. List the prime factors of t.
11
Let s(x) = -6*x - 6. Let w be s(0). List the prime factors of 46 + 9 + w + 2.
3, 17
Let s = -103 + 106. Let m(g) = -56 + s - g**2 - 38*g + 0*g**2. What are the prime factors of m(-28)?
227
Suppose -5*f = -4*v + 11003, -5*v + 0*f + 13759 = -f. Let j = -1755 + v. List the prime factors of j.
997
Let w be 0*(-4 + 8 + -5). Suppose w*g = -g + 858. What are the prime factors of g?
2, 3, 11, 13
List the prime factors of (2 - 8) + 1922 + (-49)/(-21)*-3.
23, 83
Suppose -43869 = -5*k - 3*v, 4*k - 12*v - 15140 = 19984. What are the prime factors of k?
3, 5, 13
Let x = 636 + -640. Let c(o) = -31*o**3 - 8*o**2 - 12*o - 16. What are the prime factors of c(x)?
2, 59
Suppose 8*d + 935 = 12751. Suppose 0 = -3*q - 4*t + d, 3*q - 14*t - 1473 = -17*t. List the prime factors of q.
487
Let h(j) = 2*j**3 + 7*j**2 - 39*j - 23. What are the prime factors of h(21)?
19, 1093
Let s = 17532 + -11331. Suppose -32*u + 37*u - 2*c = s, 2*u + 2*c = 2472. List the prime factors of u.
3, 7, 59
Let t = -14649 - -45034. List the prime factors of t.
5, 59, 103
Suppose -8*g = -22 - 74. Suppose -2472 = -4*m - 8*n + g*n, -12 = 3*n. List the prime factors of m.
2, 307
Let b be (-260)/(-39)*3/4. Let t = 6 - b. List the prime factors of t/(-2 + (-735)/(-365)).
73
Let x(v) = -v**3 - 2*v**2 + 2*v + 1. Let n be x(0). List the prime factors of 263/(-1)*(n - 2 - 1).
2, 263
Let o = -9 - -29. Suppose -i = 3*i + o. List the prime factors of (i + 2 - 84/(-18))*123.
5, 41
Suppose -10*x = q - 199019, 5*x - 69303 = -q + 30206. What are the prime factors of x?
2, 3, 31, 107
Suppose -2*d = -w - 11, -d - 14 = -4*d + 4*w. Let s(m) = m**3 + 2*m**2 + 5*m + 40. What are the prime factors of s(d)?
2, 179
Let j(y) = -36*y + 4. Let u be j(1). Let